14. Let r(g) = -3 - 2*g + 18*g**2 - 2*g + 3*g. What is the tens digit of r(f)?
6
Let d = 2719 + -1797. What is the tens digit of d?
2
Let o(t) = 5*t**2 + t + 22. Let p be o(-6). Suppose -15*m = -1726 + p. What is the units digit of m?
2
Suppose -6*c = -12*c + 18. Suppose -t = -l + 50, -3*t = c*l - 0*l - 150. What is the units digit of l?
0
Let n(b) = -b**3 + 2*b**2 + 2*b - 1. Let r be n(2). Suppose 9 - 54 = -r*i. What is the tens digit of i?
1
Suppose 2*n + 4*o + 266 = 0, o + 189 = -3*n - 205. Let d = n + 43. What is the units digit of (5 + -2)/((-8)/d)?
3
Let i be (-2)/8*2 - 1/(-2). Suppose i = -3*s + 5*z + 114, 4*z = 3*z - 3. What is the units digit of s?
3
Let h(p) = 22*p + 3. Let b(v) = 2*v - 22. Let d be b(15). Suppose -2*u - d = -2*y, 2*u = 3*y + 4*u - 7. What is the tens digit of h(y)?
6
Suppose -4*i - i - z = -127, 5*i + 5*z = 135. Suppose 3*l - i = -2*l. Suppose -n = -t - 1, 4*n - 11 - l = -2*t. What is the units digit of t?
2
Suppose -210*k + 222*k - 15132 = 0. What is the tens digit of k?
6
What is the units digit of (-1930)/(-6) - (-7 - (-115)/15)?
1
Let d = 328 + -38. What is the units digit of 2*-1 - d/(-5)?
6
Let t(g) = 2*g**2 - 6*g - 48. What is the hundreds digit of t(16)?
3
Let x be (-110)/(-7) - 8/(-28). Let a = -39 + x. Let g = a + 35. What is the units digit of g?
2
Let h be 42/28 - (-1)/2. Suppose -3*b + h*t + 220 - 84 = 0, 0 = -2*b + 4*t + 88. Suppose -2*q + c = -b, -8 = -3*c - c. What is the tens digit of q?
2
Suppose 0 = -5*h - 6 + 26. Suppose -2*r + 31 + 89 = 0. What is the tens digit of h/(1 - 52/r)?
3
Let n(k) = -k**3 + 5*k**2 + k + 7. Let h be n(5). What is the tens digit of h/(-7 + 3) - -16?
1
Let u(s) = s**3 + 3*s**2 + 6*s + 2. Let q be u(-4). Let c = q + 43. Suppose 0 = c*w + 2*f - 372, 2*w - 156 = -5*f - 3. What is the tens digit of w?
7
Let z = -72 - -76. Suppose -r - z*i + 74 = 0, -49 = -r - i + 40. What is the units digit of r?
4
What is the hundreds digit of -5*32/(-60)*519?
3
Let d be (10 + -84)/(1 - 3/1). Suppose 27*l - d = 26*l. What is the tens digit of l?
3
Suppose 11*n - 7*n - 192 = 0. Suppose -6*f - n = -0*f. Let q = f + 11. What is the units digit of q?
3
Let v(r) = 21 + 0*r - r - 29. Let m be v(-13). Suppose -4*b - 180 = -m*c - 2*b, 0 = -b + 5. What is the tens digit of c?
3
What is the units digit of 1*(4/(-10)*-10 + 159)?
3
Let k be 815/5 + 1 + 0. Suppose -3*y + 126 = 4*q, -q + k = 4*y + 3*q. Suppose -5*i = 3*w - 68, 5*i - i + y = 2*w. What is the units digit of w?
1
Let n = 1681 - 1145. What is the units digit of n?
6
Suppose 0 = -38*h + 35*h + 258. What is the tens digit of h?
8
Let n = 5761 - 4003. What is the units digit of n?
8
Suppose 7*w = -v + 3*w + 511, 5*v + w = 2479. Let g = v + -328. Let q = -113 + g. What is the tens digit of q?
5
Let l(x) be the second derivative of x**5/60 + x**4/4 + 5*x**3/6 - x**2/2 + 6*x. Let t(h) be the first derivative of l(h). What is the tens digit of t(-7)?
1
Suppose -57 = -4*s + 5*x, 0*s - 44 = -3*s + 4*x. Suppose -10*p = -s*p - 34. What is the tens digit of p?
1
Suppose 7*v = 6*v - 16. What is the units digit of ((-252)/v)/9*76?
3
Suppose -108 = -6*m + 2*m. Suppose -3*p + 117 + m = 0. Suppose 0 = 7*z + p - 160. What is the tens digit of z?
1
Let a(u) be the first derivative of 3 + 2*u - 41/2*u**2. What is the tens digit of a(-1)?
4
Suppose t = -4, -7*u + 3784 = -3*u + 2*t. What is the units digit of u?
8
Suppose 8 = v - 3*s, 4*v - 16 = 2*s + 2*s. Let k = v - 4. Let p(m) = m**2 - 3*m - 1. What is the units digit of p(k)?
9
Let b = -11 + 16. Let z be -2 + b + 9/(-1). What is the tens digit of (z/4)/((-9)/84)?
1
Suppose 3*i - 4 = -s + 5*s, -4*s + 2*i = 0. Suppose 6*a + 7*a = 0. Suppose -s*g - 66 = -5*x - a*g, x - 3*g = 8. What is the tens digit of x?
1
Suppose -5*v = 2 + 3. What is the units digit of (12/(-3) - 122)/v?
6
What is the units digit of (-1)/(-4) - ((-1022)/8 + 4)?
4
Let r = -25 + 25. Suppose 0*k = 4*z - 5*k - 94, 4*z + k - 106 = r. What is the units digit of z?
6
Let u = -2 - -6. Suppose -2 = u*h - 14. Suppose -54 + 18 = -h*y. What is the tens digit of y?
1
Let u(w) = -4*w + 66. Let l be u(16). Suppose l*z + 4*r - 136 = 8, -r - 315 = -4*z. What is the tens digit of z?
7
Suppose -3*g + 12 - 6 = 0, 3*o = 2*g + 5198. What is the hundreds digit of o?
7
Suppose -3*w = w - 992. Suppose -2*g - 36 = -i + 28, 4*i - w = 4*g. What is the units digit of i?
0
Let n = 925 - 190. What is the hundreds digit of n?
7
Let h = -127 + 255. What is the hundreds digit of h?
1
Let h = -155 - -295. What is the hundreds digit of h?
1
Suppose b + 10 = 15, 0 = -5*k - 5*b + 7995. What is the units digit of k?
4
What is the tens digit of (-4)/(-6) - 409920/(-126)?
5
Let p(u) = u**3 + 51*u**2 + 76*u + 63. What is the thousands digit of p(-47)?
5
Suppose 27 = -2*u - 9. Let p = -17 - u. What is the tens digit of (9/(-27))/(p/(-42))?
1
Let r = -52 - -52. What is the units digit of (-762)/(-6 - r) + 4/2?
9
Let i = -200 - -1062. What is the tens digit of i?
6
Suppose -39 = 6*h - 21. What is the units digit of 159/(h + 2)*(3 + -4)?
9
Let u be (-22)/(-6) - 4/(-12). Let c be 3*(268/(-6) - u). What is the units digit of c/(-8) - (-12)/16?
9
Let x = -13 + -27. Suppose 4*y - 3*y = -69. Let m = x - y. What is the tens digit of m?
2
Let g = -52 - -55. Suppose -25 - 80 = -g*u. What is the tens digit of u?
3
Let q(o) = -o**2 - 14*o + 14. Suppose 3*c - 34 = -133. Let s be -2 - c/(0 + -3). What is the units digit of q(s)?
7
Let f = -93 + 170. Let t = f + -9. Suppose -u = u - t. What is the tens digit of u?
3
What is the tens digit of (3 - 20/8)/((-5)/(-230))?
2
Suppose -19*m - 8*m + 69957 = 0. What is the tens digit of m?
9
Let i(j) = 8*j**3 + 284*j**2 - 20*j + 37. What is the hundreds digit of i(-35)?
6
What is the tens digit of 7/(15 + -8)*834?
3
Let x be -111*(4/12 - -1). What is the units digit of -1*(x/(-1))/4*-1?
7
Suppose 1690 = 5*k - 350. Suppose 12*q - k = 6*q. What is the units digit of q?
8
Let l be (-1)/4 + (-16975)/(-28). Suppose -3*w + l = 3*w. What is the units digit of w?
1
Let m be (-17848)/(-207) - (-2)/(-9). Suppose 83*a - m*a = -444. What is the tens digit of a?
4
Suppose 19*d = 33115 + 27837. What is the hundreds digit of d?
2
Let r = -66 + 73. Suppose 3*b - r*b = -68. What is the units digit of b?
7
Let o(s) = -5*s**3 - 4*s**2 - 2*s + 2. Let h = 6 - 11. Let g be ((-1)/2)/(h/(-20)). What is the tens digit of o(g)?
3
Let b = -37 - -155. Suppose -d + b = c, 2*c - 4*d + 589 = 7*c. What is the tens digit of c?
1
Let w(r) = 2*r - 16. Let i be w(8). What is the tens digit of 3/(-2)*-24 + i?
3
Let f = 183 + -419. Let d = 473 + f. What is the tens digit of d?
3
Suppose 133 = 2*u - 3*v, 0 = 4*u + 3*v + 2*v - 255. Suppose 3*z - 71 = 5*l, -4*z + 7 + 53 = -4*l. Let x = l + u. What is the units digit of x?
2
Suppose -3*k - 2*a - 70 = -0*k, 4*k + 75 = a. Let d be 5/k - 3/(-12). Suppose 3*j - 5*j = -4*i + 118, d = -3*j - 9. What is the tens digit of i?
2
Suppose 369*g - 4405 = 364*g. What is the tens digit of g?
8
Let q = -30 - -30. Suppose q = -5*b + b + 160. What is the tens digit of b?
4
Suppose 0 = -5*l + 4*a + 4823, 1105 + 2743 = 4*l + 2*a. What is the hundreds digit of l?
9
Suppose 16*u = 7*u + 2358. What is the hundreds digit of u?
2
Let z = 58 + -55. Suppose -3*r + 116 = 2*t - 463, t - z = 0. What is the units digit of r?
1
Let x(s) be the third derivative of s**5/60 + 5*s**3/6 - s**2. Suppose 4*b + l - 1 = 0, 2*b + 3 = 6*l - 3*l. What is the units digit of x(b)?
5
Let f be 97/2*-6*(-1)/(-3). Let v = 148 + f. What is the tens digit of v?
5
Let w = 433 + -252. What is the hundreds digit of w?
1
Let u = 13 + -24. Let y be (-16)/(-3) - (-12)/18. Let g = y - u. What is the tens digit of g?
1
Let f = -8 + 3. What is the hundreds digit of (-6)/10 - 608/f?
1
Let r(d) = d**2 + 9. Let b be r(5). Suppose 4*x - 82 = b. Let z = 40 - x. What is the units digit of z?
1
Let a(b) = b + 4*b**2 + 2*b**2 + 1 - 7*b**2 + 4*b. Let v be a(5). Let h = 5 - v. What is the units digit of h?
4
Suppose 4*w + 2*z = 120, 0*w + 2*z - 62 = -2*w. What is the tens digit of w?
2
Suppose 3*j + 24 = 4*j - x, 2*x = 4*j - 102. Suppose -5*p = a - j, 0 = 5*a - a - 3*p + 7. Suppose 2*y - a = 44. What is the units digit of y?
3
Let c(b) = 12*b + 5. Let m be c(6). Suppose 3*j - 7 = -5*q + 17, -3 = -q. Suppose -j*i + 16